+ -41. Let u(x) = -4*x + 5. Give u(m).
-11
Let d(k) = -k**2 + 8*k + 12. Let p be d(9). Let m be 36/(-12) + 1*5. Let q(j) = j - 5*j**m + 4*j**2 - j**p - 9*j - 6 - 7*j**2. Calculate q(-7).
1
Let j(a) = 7*a**3 - 2*a + 1. Let n be j(1). Suppose -v - 4*m = 18, -m - n + 1 = 0. Let f(l) = 0*l**2 + 10*l**v + l - l**2. Calculate f(1).
10
Let u(v) = -6*v**3 - 4*v**2 - 7*v + 1. Let y(s) = -7*s**3 - 5*s**2 - 8*s + 1. Let a(p) = 6*u(p) - 5*y(p). Let m be a(1). Let o(z) = -8*z + 1. What is o(m)?
9
Let l(c) = -5*c - 8. Let i(f) = -4*f - 7. Let p(x) = -4*i(x) + 3*l(x). Let y = -242 + 237. Calculate p(y).
-1
Let d(v) be the second derivative of -v**4/6 - 13*v**3/6 - v**2/2 + 143*v. Calculate d(-6).
5
Let o(g) be the third derivative of 1/8*g**4 + 0 + 0*g + 8*g**2 + 1/6*g**3. Give o(-2).
-5
Let a = -91 + 97. Let m(j) = -4*j - 3. Give m(a).
-27
Let v(n) = 9. Let t(x) = x + 1. Let h(c) = t(c) - v(c). Give h(4).
-4
Let p be 1925/245 - (13/7 - 2). Let f(y) = -y**2 + 8*y + 2. Give f(p).
2
Let g(i) be the third derivative of i**5/30 + i**4/6 + 5*i**3/6 - 124*i**2. Calculate g(4).
53
Let d(x) = x**2 - 6*x - 7. Let s(n) = -2*n**2 + 14*n + 13. Let l(p) = -9*d(p) - 4*s(p). Determine l(-5).
-4
Let q(d) = d - 7. Suppose -22*u - 12 = -25*u. Determine q(u).
-3
Let i(s) be the third derivative of -s**6/120 + s**5/10 - 5*s**4/24 + s**3/2 - 655*s**2. Let b be (-2)/5 + 54/10. Calculate i(b).
3
Let i(y) = y**3 + 3*y**2 + 2*y + 2. Let u(f) = f**3 + 5*f**2 + f + 6. Let m be u(-5). Suppose m = -g - 0. Let b be 2 + g - 1 - 3. Determine i(b).
-4
Let k be 2/3*3/(-2). Let y = 38 + -36. Let n(f) = 0 - y*f - 1 - 8*f + 5*f. Give n(k).
4
Suppose -5*o = 3*c - 34, 4*c - o - 7 = -0*o. Let d(k) = 4 - 714*k + 1427*k + 0 - 710*k - 2*k**2. Determine d(c).
-5
Let g(a) = a**3 - 12*a**2 - 13*a. Let i = -1554 + 1567. Calculate g(i).
0
Let k(x) = -x + 9. Let z be k(8). Suppose 0 = -4*o - 55 - z. Let d = o + 18. Let i(y) = 2*y**2 - 6*y + 2. Calculate i(d).
10
Let t(p) = -p**2 - 3. Let c be t(0). Let m(i) = -i**3 - 3*i**2 + i + 4. Determine m(c).
1
Suppose -125 = -5*n + 240. Let h(m) = 33 - 2*m - n + m + 34. Let s(r) = r**3 + 2. Let x be s(-2). Determine h(x).
0
Let t(u) = -6*u - 1. Suppose -2*m = -3*r + 17, -8*m + 8 = -6*m + 2*r. What is t(m)?
5
Let y(o) = 9*o**2 - 27*o - 9. Suppose -12*s + 8*s = -24. Let w(u) = 5*u**2 - 14*u - 5. Let i(z) = s*y(z) - 11*w(z). Determine i(-7).
8
Let d = -1605 - -1601. Let p(z) = -z**2 - 1. Determine p(d).
-17
Let g(n) be the second derivative of -n**7/840 - n**6/72 - n**5/40 - n**4/24 + 3*n**3 - 10*n. Let m(j) be the second derivative of g(j). Determine m(-4).
-5
Let u(z) = z**3 - z**2 - 7. Let q be -2*-1*(-1)/(-2). Let i be q/(((-12)/4)/(-3)). Let s(b) = -b**2 + 1. Let v be s(i). What is u(v)?
-7
Let w be (1 + -2)/(2/36). Let h = 30 - 16. Let p = h + w. Let n(g) = -g**2 - 7*g - 5. Give n(p).
7
Let y(o) = 5 + 15*o**2 + 3*o**2 - 5*o - 7*o**2 - o**3 - 6*o**2. Let i be (6/(-4))/(1/(-8)). Suppose 2*d = 5*b - 11 - 18, 4*b + 4*d = i. Calculate y(b).
-20
Let b(a) = a**2 - 4*a + 5. Let r = 66 - 61. Give b(r).
10
Suppose 4*m + 240 = 240. Let q = 0 - -2. Let f be (m + 0)*q/4. Let r(l) = -l**2 - l + 6. Calculate r(f).
6
Let j(r) = -r + 8. Let l(v) = 3. Let f(a) = j(a) - 3*l(a). Let x be ((-10)/4)/((-1)/2). Calculate f(x).
-6
Let q(y) = -y**3 + 10*y**2. Let h be q(10). Let a(t) = t + 9. What is a(h)?
9
Let f(s) be the first derivative of -19*s**3/6 - s**2/2 - 14*s - 1. Let v(h) be the first derivative of f(h). What is v(-1)?
18
Let x be 15/20 - (-62)/(-8). Let y = -2 - x. Suppose -4*c = y + 15. Let w(r) = -2*r - 4. Give w(c).
6
Let y(k) be the third derivative of -k**5/30 + k**4/8 + 5*k**3/6 - k**2. Let f = 24 + -20. Give y(f).
-15
Suppose 70*i - 54*i = 64. Let w(p) = -p**2 + 2*p - 4 - 2 + 3*p. Give w(i).
-2
Let b(d) be the first derivative of -3*d**2 + 4*d - 1/3*d**3 + 14. Give b(-8).
-12
Let f(p) = p**3 + 4*p**2 - 33*p - 117. Let i be f(-4). Let s(b) = 8*b - 114. Give s(i).
6
Let y(o) be the third derivative of o**5/60 + 19*o**4/24 - 5*o**3/3 + 67*o**2. What is y(-20)?
10
Let d(w) be the third derivative of 1/6*w**3 - 6*w**2 + 0*w**4 + 0*w - 1/60*w**5 + 0. Suppose 2*n + 2 = -3*x - 0, -3*x - 12 = -3*n. Calculate d(n).
-3
Let u(v) = -v**3 + 6*v**2 + v - 3. Let j be u(6). Let l(s) = s**2 - 2*s**2 + 7*s**2 + 3*s**2 - 4 - 8*s**2. Give l(j).
5
Let i(c) = 8*c - 1. Suppose 125 = 4*a + 5. Let m be ((-93)/6 - -1)*-2. Let w = m - a. What is i(w)?
-9
Let d be (21/(-14))/((-6)/8). Let j(u) = -3 + 5 - 3 - 9*u + 2*u + d*u**2. Give j(5).
14
Let i(m) = -60*m**2 + 11. Let w(u) = 60*u**2 + 16*u - 28. Let b(v) = -20*v**2 - 5*v + 9. Let n(f) = 16*b(f) + 5*w(f). Let x(s) = 3*i(s) - 8*n(s). What is x(-1)?
-19
Let w(s) = -7*s**2 + 11*s + 9. Let g(p) = 2*p**2 - 2*p - 4. Let i(m) = 3*g(m) + w(m). Let k = 9 + -6. Calculate i(k).
3
Let k(h) = -28*h - 119. Let y be k(-4). Let g(x) = x**3 + 6*x**2 - 7*x + 5. Calculate g(y).
5
Let d(m) be the third derivative of 0*m + 1/12*m**4 + 3*m**2 + 0*m**3 + 0 + 1/60*m**6 + 1/15*m**5. Calculate d(-2).
-4
Suppose 5*u - 3*t = 40, 2*u = 69*t - 67*t + 12. Let h(n) = 2*n - 24. Calculate h(u).
-2
Let l(k) = 2*k**2 + 6*k. Suppose -192 = 3*y - 15*y. Suppose 0 = 3*c + 6*o - 10*o + y, -c + 4*o = 8. Determine l(c).
8
Suppose -3*s - a + 10 = -1, 5*a = -5*s + 15. Suppose -4*h - 4 = -5*h. Let f(q) = -s*q + h*q + 6*q. Calculate f(1).
6
Let h(y) be the first derivative of y**3/6 + y**2 - 4*y + 19. Let a(x) be the first derivative of h(x). Calculate a(-4).
-2
Let m(r) = -5*r**2 + 2*r + 1. Suppose 9 = -3*x + 6*x. Suppose -3*y + 3*i = 9, -3*y - 2*i - i + x = 0. Calculate m(y).
-6
Let n(i) = -9*i + 2. Let q = -2 + -6. Let w be ((-6)/q)/((-18)/(-48)). What is n(w)?
-16
Let r(i) be the first derivative of -i**3/3 - 3*i**2 - 4*i + 82. Determine r(-8).
-20
Suppose -9*h = -7*h - 18. Suppose h*j = 4*j + 40. Let l(t) = -t**2 + 13*t - 11. What is l(j)?
29
Let t(g) = g**3 - 2*g**2 - g**3 + 2 - 2*g + 3*g**2 - g**3 + 0*g**3. What is t(1)?
0
Let h(q) be the third derivative of -q**7/360 - q**5/120 - 5*q**4/12 - 18*q**2. Let l(o) be the second derivative of h(o). Determine l(-1).
-8
Let v(d) = -d**2 + 3. Suppose 4*q - 20 = 4*g, 0 = -q + 3*q + 4*g - 4. Determine v(q).
-13
Let d(z) be the first derivative of z**4/4 + 11*z**3/3 - 13*z**2/2 - 18*z + 53. Calculate d(-12).
-6
Let t(m) = -m - 5. Let x(a) = a - 2. Let g be x(3). Let s be -1 + 1 - (g - 16). Suppose -4*j = -5*y + 45, 3*y - s = -0. Calculate t(j).
0
Let m(w) be the first derivative of w**2/2 - 9*w + 2. Suppose 0 = 3*a - 4*y + 18, 4*a + 21 = a + 5*y. Let v be (a/(-6))/(3/63). Give m(v).
-2
Let b(q) = -q. Suppose 3*x + 5*s = -5, 4*x - 5*s = 6*x. Let i be b(x). Let t(m) = -1 + m**3 + 7 + 0*m**3 - 4*m**2 - 8*m. Give t(i).
-9
Suppose 2 = 2*w - 4. Suppose 5*l + w*l + 64 = 0. Let n(u) = u**3 + 7*u**2 - 7*u - 1. Calculate n(l).
-9
Suppose 354 = 11*f - 383. Let d(n) = -n + f*n**2 - 122*n**2 + 70*n**2. Determine d(1).
14
Let d(q) be the second derivative of q**4/12 - 2*q**3/3 + 3*q**2/2 + 8*q. Let p be (-1)/(1 - 9/6). Calculate d(p).
-1
Let i(g) be the first derivative of g**4/4 + g**3 + g**2/2 + 3*g - 56. Calculate i(-3).
0
Let l(u) = u**3 + 2*u**2 - u + 4. Let d be l(-3). Let r(v) = 2*v + 63 + 2*v**3 + 4*v**2 - 3*v - 37 - 28 + 2*v. Give r(d).
-4
Let z be (-2 - 146)/(-2) - (-8 - -9). Let l(c) = 64*c + 3*c**2 + 7 - c**2 - z*c - c**2. Suppose -2*p = p - 18. Give l(p).
-11
Let i be (1 - -2) + 0/(-5). Suppose 4*y + 0*y = 5*r, y - i*r = -7. Let w(h) = -3 + 0 + h**2 - 3 - 2*h. What is w(y)?
9
Let n be 22/(-4) + 5 + (-10)/(-4). Let j(x) = -6*x + 4*x + 1 + 2 + n*x**2 - 2 + 7*x**3. Give j(1).
8
Suppose -4*s - m = -22, -10*s + 20 = -8*s - 4*m. Let f(x) = -x**2 + 3*x + 7. What is f(s)?
-11
Let l = 63 - 60. Let j(c) = -l + 1 + 0*c**2 + 1 - c**2 - 6*c. Determine j(-7).
-8
Let a(n) be the second derivative of -n**5/20 + n**4 - n**3/6 + 5*n + 27. What is a(12)?
-12
Let j = 4 - 5. Let l(r) = 4*r**3 - r**2 - r - 1. Let h be l(j). Let a(s) = -2 + 0 - 1 + s**3 - 6*s + 4*s**2. Determine a(h).
2
Let m(g) = -7*g**2 + g**3 + 2 + 1 - 7. Suppose 15*y + 2*z + 40 = 19*y, -2 = 4*y + 5*z. Calculate m(y).
-4
Let r(k) be the third derivative of 1/24*k**4 - 3/2*k**3 + 0*k + 0 + 11*k**2. Give r(0).
-9
Let b(p) = p + 30. Let o be b(-14). Let v(z) = -7*z + 15 + 6*z - o. Calculate v(-1).